. What are the prime factors of a(l)?
7, 19
Suppose 2*w + 6 = 12, 3*g + 3*w = 51. Suppose g*y - 9200 = -6*y. What are the prime factors of y?
2, 5, 23
Let y(d) = -2*d**2 + 17*d + 4. Let c be y(7). Suppose -4*o - c = -33. List the prime factors of (-2)/(-7) - (6220/(-35) + o).
2, 11
Suppose 35*o = -26*o - 20*o + 765855. List the prime factors of o.
5, 31, 61
Let c = -460 - -274. Let s = c - -292. List the prime factors of s.
2, 53
Let v(f) = -108*f**3 - 6*f**2 + 26*f + 168. What are the prime factors of v(-6)?
2, 3, 41, 47
Let c = -284 + -640. Let x = -249 - c. What are the prime factors of x?
3, 5
Let p(s) = 81*s**3 - 80*s**3 + 2*s**2 - 3*s**2. Let n(y) = -3*y**3 + 4*y**2 + y + 3. Let h(j) = n(j) + 4*p(j). List the prime factors of h(0).
3
List the prime factors of 8784878/342 + (-2 - (-80)/36).
17, 1511
Suppose 32*q - 31*q - 3 = 0. Suppose q*k = 2*s - s + 148, k - 404 = 3*s. Let j = -56 - s. List the prime factors of j.
7, 11
Let z(t) = -13*t + t**3 + 15*t - 8*t + 7*t**2 + 5. Let x be z(4). Suppose -5*h - x = -2*u, 3*u + 0*u - 288 = -3*h. List the prime factors of u.
7, 13
Let x(u) = -u**3 + 9*u**2 + 9*u - 6. Let h(y) = -2*y**2 + 8*y + 3. Let i be h(3). Let c be x(i). Suppose 2*z - c - 115 = 0. List the prime factors of z.
5, 19
Let s(x) = 280*x**2 - 5*x - 55. List the prime factors of s(7).
2, 5, 29, 47
Let i be 2*(-4)/(16/(-996)). Let c = 1363 - i. List the prime factors of c.
5, 173
Let s be 36/(-45) - 22/10. Let d be 4/(-2)*1 + (s - -8). Suppose 72 = q - d*h, 2*q + 4*h = 6*q - 248. List the prime factors of q.
3, 19
Suppose -692 = 3*j + 4*a, -464 = -4*j + 6*j + 4*a. What are the prime factors of 1*3 + j/((-6)/6)?
3, 7, 11
Let h(y) be the second derivative of y**5/20 + y**4/2 - 3*y**3/2 + 3*y**2 + 18*y. Let p be h(-7). Suppose p = s - 4. What are the prime factors of s?
2, 3
Suppose r - 11169 = -4*x, -9*x - 22359 = -2*r - 10*x. List the prime factors of r.
3, 3727
Suppose 656224 = 31*r + 257564. List the prime factors of r.
2, 5, 643
Let g(t) be the second derivative of -179*t**3/6 + 43*t**2/2 - 211*t. List the prime factors of g(-3).
2, 5, 29
Suppose -16413489 = -127*v - 242*v. What are the prime factors of v?
3, 14827
Let f(k) = -421*k - 2135. List the prime factors of f(-40).
5, 17, 173
Suppose 8*t + 5*f - 42 = 7*t, -5*t + 4*f = -65. Suppose -9*q = -t*q + 6768. Suppose 2*w = -7*w + q. List the prime factors of w.
2, 47
Suppose 2*i = 1 + 15. Suppose i*n - 232 - 32 = 0. List the prime factors of n.
3, 11
Let x be (-2 + 2)/(10 - 9). Suppose x = -13*j + 16*j - 99. Suppose -3*i - 4 = 4*r - j, 2*i + 5*r - 10 = 0. What are the prime factors of i?
3, 5
Let f be -1 - 0/4 - -4. Suppose x - 14 = f*x. Let z(t) = -11*t + 7. What are the prime factors of z(x)?
2, 3, 7
Suppose 0 = 4*y - 117 - 3. Suppose -y*x = -34*x - g + 1284, 1284 = 4*x + 4*g. List the prime factors of x.
3, 107
Let d = -3794 - -6047. What are the prime factors of d?
3, 751
Suppose -7*r - 5085426 = 6*r - 106*r. List the prime factors of r.
2, 19, 1439
Let o = 24926 - 2784. What are the prime factors of o?
2, 11071
Suppose 0 = m + 2*d - 234, 4*m - 7*m - 2*d = -698. Suppose -3*y + 5*y - 8 = 0. Suppose -4*n = 4*g + g - m, -y*n - 4*g = -236. List the prime factors of n.
3, 7
Let g be 1 - 1 - (6 - (-66)/(-6)). Let y(b) = 41*b - 11. Let t be y(g). Let h = -82 + t. List the prime factors of h.
2, 7
Suppose 200*n - 312080 = 184*n. List the prime factors of n.
5, 47, 83
List the prime factors of (-20)/150 + -1 + (17348704/(-60))/(-8).
2, 17, 1063
Suppose 8*h - 457 + 1425 = 0. Let f = h - -243. What are the prime factors of f?
2, 61
Suppose -3*z + 5*z = -5*z. Suppose -7*a + 5*a + 1006 = z. List the prime factors of a.
503
Let b = 299 - 455. Let x = b + 379. What are the prime factors of x?
223
Let a be (-4 - 1)*(-42)/35. Suppose 3 = a*y - 15. Suppose -4*n + y*z = -157, -n - 3*z = n - 65. What are the prime factors of n?
37
Let f = 35933 + -25066. What are the prime factors of f?
10867
Suppose -n + 3*u = -8192, -4*n - 35*u = -40*u - 32719. What are the prime factors of n?
8171
Suppose 5*x + 5*m = 280, 0*x + 2*x + 5*m = 115. Let j = x - 52. Suppose 3*h - g = 201, 324 + 7 = 5*h - j*g. What are the prime factors of h?
2, 17
Suppose -560 = -328*k + 312*k. Suppose -k*u + 42994 = 2*u. List the prime factors of u.
2, 7, 83
Suppose -5*v - 896 = -4*a, -7*v - 4*a = -3*v + 688. Let n = -108 - v. Let l = n + 47. List the prime factors of l.
5, 23
Let q(j) = -j**3 - 16*j**2 - 14*j + 31. Let b be q(-13). List the prime factors of 21*b/(-9) - (0 + 2).
2, 3, 19
Let b(c) = 1. Let z(y) = -5*y + 4. Let p(x) = -2*b(x) + z(x). Let l be p(-5). Suppose 15 - l = -4*t. What are the prime factors of t?
3
What are the prime factors of (2 - 30687 - -12)/(3 + -4)?
37, 829
Suppose -4*w + 8*n - 5*n + 13 = 0, -3*w + 4*n + 8 = 0. Suppose -w*q + 555 = -801. List the prime factors of q.
3, 113
Let z be (-46)/(-161) + 14677/7. Suppose 27*l = -z + 7146. What are the prime factors of l?
11, 17
Let q(n) = -4*n**2 - 3*n + 3. Let a be (-10)/8 + (-27)/36. Let y(t) = 7*t**2 + 7*t - 6. Let f(x) = a*y(x) - 5*q(x). What are the prime factors of f(-2)?
19
Let u(t) = 4*t + 20. Let f be u(-5). Suppose f = -0*r - 3*r + 9. What are the prime factors of r + (-772)/(-10) - (-6)/(-30)?
2, 5
Suppose 4*w + 262 = q, 4*q - 1078 = -0*q + w. Let f = 594 - q. List the prime factors of f.
2, 3
Suppose 0 = -52*z + 28*z + 29535 - 711. List the prime factors of z.
1201
Suppose 262781 = 19*q - 16298 - 35124. What are the prime factors of q?
23, 719
Suppose 4*l = 941 + 2383. Suppose 3*t - l = -c - 2*c, 5*t = -2*c + 1391. What are the prime factors of t?
3, 31
Let b = -437 + 725. Let m = b + -146. Suppose 440 = 146*z - m*z. List the prime factors of z.
2, 5, 11
Suppose 16*d - 20*d - 93 = -5*l, 0 = 5*d - 4*l + 105. Let w(v) = 2*v**2 - 20*v - 15. List the prime factors of w(d).
3, 7, 43
What are the prime factors of 40284 + 318 + ((-7)/4)/(3/12)?
5, 23, 353
Suppose 0 = 46*x + 23*x - 19*x - 2548050. List the prime factors of x.
3, 16987
Suppose -z = z - 10. Suppose z*n + 3*k = -0*k - 17, 5*k + 24 = -4*n. List the prime factors of (3 + 6/(-3))/(n/(-61)).
61
Let m(a) = a**2 + 3*a - 55. Let p(z) = z**2 + 5*z - 54. Let y(v) = 6*m(v) - 5*p(v). List the prime factors of y(30).
2, 3, 5, 7
Suppose -3*f - 501 = -0*t + 4*t, -f = -5. Suppose 214 + 9 = a. Let p = a + t. List the prime factors of p.
2, 47
Suppose -570*w = -163*w - 19832522 - 4950929. List the prime factors of w.
7, 8699
Suppose x + 30 = l, l + 0*x - 27 = 2*x. Suppose 28*a - l*a + 70 = 0. What are the prime factors of a?
2, 7
Let a(t) = 40*t + 7. Suppose -3*g + 5*i + 144 = 0, 2*i - 253 + 61 = -4*g. Let j = g + -44. List the prime factors of a(j).
167
Let o be 1 + 1 + (-10)/(-2). Suppose 2*f - 656 = -3*i, 0 = 3*f + o + 8. What are the prime factors of i?
2, 3, 37
List the prime factors of ((-143949)/65 - (-4)/(-10))/(36/(-468)).
5, 13, 443
Let d(k) be the third derivative of k**4/4 + 23*k**3/6 + 503*k**2. Suppose -u = 4*h + 6 - 1, -25 = -3*u - 2*h. List the prime factors of d(u).
89
List the prime factors of 872/6 + -7 + (-40)/(-6).
5, 29
Let s = -26793 + 27527. List the prime factors of s.
2, 367
Suppose 71*r + 3*r - 335979 - 530857 = 0. List the prime factors of r.
2, 5857
Let c(k) = -k**3 + 16*k**2 + 22*k - 4. Let a be c(13). Let r = -415 + a. Let b = r - 149. List the prime factors of b.
3, 5
Suppose 5*p - 91 = -71. Suppose 5*f = -p*v + 1283, 670 + 615 = 4*v + 3*f. What are the prime factors of v?
2, 7, 23
Let t be 10*(54/(-12) + 4). List the prime factors of 449 - (8 + t - 5).
11, 41
Let q(f) = -7619*f + 1123. What are the prime factors of q(-8)?
5, 13, 191
Let v = -16214 - -34214. List the prime factors of v.
2, 3, 5
Suppose 15*z - 48 = 3*z. Suppose 446 = -z*s + 90. Let y = 12 - s. List the prime factors of y.
101
Let x = -53 - -55. Suppose 0*l + 4 = 4*l - 4*i, x*l - 1 = 3*i. Suppose 37 + 63 = 2*r - l*p, 3*r - p - 152 = 0. List the prime factors of r.
3, 17
Let s(b) be the first derivative of -b**6/360 - 7*b**5/120 + b**4 - 12*b**3 - 40. Let n(w) be the third derivative of s(w). List the prime factors of n(-9).
2, 3
Suppose 5*z - 5*m - 57810 + 10255 = 0, 0 = -3*m + 3. What are the prime factors of z?
2, 29, 41
Let y(z) = z**3 - 46*z**2 + 222*z - 117. List the prime factors of y(56).
5, 1747
Let y(c) 